of w?
2
Let v(g) = -298*g + 4388. What is the hundreds digit of v(-45)?
7
Suppose 180*x - 89908 = 152*x. What is the tens digit of x?
1
Let m = -330 + 357. Suppose -m*w + 7038 = -1197. What is the units digit of w?
5
Suppose 6*k - 10 = -16. Let l be -1*(k - (0 - 0)). What is the tens digit of l/(-4)*17*(-12)/1?
5
Let d be 334/8*(0/1 + -4). Let p = 234 - d. What is the tens digit of p?
0
Let i = 33568 + -9970. What is the hundreds digit of i?
5
Let x(h) = -h**2 + 16*h + 234. Let o be x(25). Suppose -o*q = 8*q - 9163. What is the tens digit of q?
3
Suppose 0 = -10532*j + 10523*j + 289683. What is the units digit of j?
7
Let z(b) = 28*b**2 - 4*b + 3. Let l be z(3). Suppose -5*w - 1002 = 4*q - 4*w, -4*w - l = q. Let n = -152 - q. What is the units digit of n?
9
Let i be (1/3)/(1/(2226/2)). Suppose 142 + i = h. What is the tens digit of h?
1
Suppose 2*s = -0*s - i + 66, 20 = 5*i. Let u = s - 29. What is the units digit of 3/u*(-6 + 34)?
2
What is the tens digit of 576960/108 - ((-12)/(-216))/((-1)/(-4))?
4
Suppose 13755 = 3*a - 3*m, 5*a - 4*m - 22927 = -0*a. Suppose -3*q - 3*n = -6*n - a, -5*q - 2*n = -7666. What is the thousands digit of q?
1
Let k be 215*8/32*(-12)/(-15). Let l(f) = 2*f**3 - 85*f**2 - 28*f + 67. What is the hundreds digit of l(k)?
7
Let x(p) be the second derivative of -5*p**5/24 + p**4/2 + 19*p**3/6 - 9*p. Let t(q) be the second derivative of x(q). What is the hundreds digit of t(-6)?
1
Suppose -248*b + 174*b + 614393 + 3602127 = 0. What is the units digit of b?
0
Let n(u) = 41*u**2 - 3*u + 415. What is the hundreds digit of n(23)?
0
Let s(f) = 4*f**3 + 15*f**2 - 14*f - 242. What is the hundreds digit of s(16)?
7
Suppose 35*v - 576 = 26*v. What is the tens digit of (-4)/v*-12 + 7898/8?
8
Let y be 3/((-3)/4*-2). Let q(c) = -7*c**2 - 38*c + 23. Let x be q(-5). Suppose x = 3*t + 5*f, 2*t - f = -y*t + 20. What is the units digit of t?
6
Suppose 8*t - 14 = c + 4*t, 0 = -2*c - t - 10. What is the tens digit of 240 - (-4 + 10 + c)?
4
Let c(y) = -y**3 - 33*y**2 - 205*y + 22. Let s be c(-24). Let f = 144 + -221. Let z = f - s. What is the units digit of z?
5
Suppose -5037 = 44*j - 45*j - 6*h, -4*j - 2*h = -20126. What is the hundreds digit of j?
0
Let g(a) = a**3 - 4 - 52*a - 3*a**2 - 6*a**2 + 69*a. Suppose 0 = 3*b - 9 - 12. What is the units digit of g(b)?
7
Let w be 0 - 0 - (22 - -2). Suppose 0 = n - 2*v - 33, -4*v + 7 + 26 = n. Let c = n + w. What is the units digit of c?
9
Suppose -p - 25*t + 14314 = -24*t, 0 = -3*p - 2*t + 42947. What is the hundreds digit of p?
3
Let m(s) = 11*s**2 - 30*s - 38. Let z be -5 + 231/49 + 61/(-7). What is the hundreds digit of m(z)?
1
Let b(p) = -14*p**3 + 6*p**2 + 19*p + 59. Let k be b(-4). Let f = -670 + k. What is the units digit of f?
5
Let p(l) = -18127*l - 1324. What is the tens digit of p(-2)?
3
Let n(a) = 4*a**2 - 9*a + 3. Let l be n(2). Let m be l/(-2) - (-140)/40. Suppose -2*r + 282 = -3*w, 6*r - m*r - 416 = w. What is the hundreds digit of r?
1
Suppose 6*l = 14*l - 40. Suppose -2*d + 579 + 31 = -l*g, -2*d = -2*g - 598. What is the tens digit of d?
9
Let o = 8397 - 5656. What is the units digit of o?
1
Let a = 304 - 299. Suppose 0 = -a*w + 2*b + 1581 + 1775, -5*w - 2*b = -3364. What is the tens digit of w?
7
Suppose -90*p = -37*p - 2349331. What is the ten thousands digit of p?
4
What is the units digit of ((-26)/65)/((-8)/(-10)) - (-1298115)/18?
7
Let u(p) be the second derivative of -p**5/20 + 19*p**4/12 - 21*p**2/2 + 18*p. Let x be u(18). Let l = 459 - x. What is the hundreds digit of l?
1
What is the thousands digit of (154/3)/(3/6 + 211/(-426))?
0
Suppose -2*a - 3*q - 42 = 0, -4*a - 3*q - 101 + 29 = 0. What is the tens digit of (-1481)/(-3) - (-25)/a?
9
Suppose u - 6 = j, -4*j + 0*j + 32 = 4*u. Let l(m) = 9*m + 9. Let c(q) = -27*q - 28. Let z(g) = u*l(g) + 2*c(g). What is the units digit of z(7)?
0
Let q(o) = -o**2 + 2*o + 12. Let f be 7 - 4*12/16. Let u be q(f). Suppose 4*g + 398 + 46 = 4*s, 434 = u*s + g. What is the hundreds digit of s?
1
Suppose -6*c = 4*i + 31429 - 186153, -5*i + 5*c + 193355 = 0. What is the thousands digit of i?
8
Let d = -918 + 1309. Suppose r + 1205 = 3*h, h - d = -r + 4*r. What is the hundreds digit of h?
4
Let f = 2437 + -731. Suppose -1702 = 14*h - 15*h - 4*d, 0 = -h - 3*d + f. What is the thousands digit of h?
1
Suppose 20 = -q + 5*q. Suppose 4*i - 5*i + 14 = q*a, 5*i - 3*a - 14 = 0. What is the tens digit of 8/(-2)*(-2)/(i/67)?
3
Let w = -343 + 316. Let n = 862 - w. What is the units digit of n?
9
Suppose -57647*o = -57635*o - 52740. What is the tens digit of o?
9
Suppose 0 = 6*a - 16 - 8. Suppose 0 = 2*k - 8, -2*y - y + k - a = 0. Suppose -2*s - m + 4*m + 440 = y, 5*s = 3*m + 1082. What is the units digit of s?
4
Let n = -7596 + 27253. What is the tens digit of n?
5
Suppose -4*l = l - 3*l. Let h be 1/(-2) + l + 17/2. Suppose 847 = h*s + 183. What is the units digit of s?
3
Let q = -46 - -52. Suppose -2*a - 80 = -q*a. Suppose -m = s + 4*m - 112, 0 = -4*m + a. What is the units digit of s?
7
Suppose -3*z + z = -8. Suppose 3*t = -z*t + 98. Suppose 0 = t*u - 16*u + 26. What is the tens digit of u?
1
Suppose 1639904 = 119*h - 35021. What is the hundreds digit of h?
0
Suppose 3*a - 148444 + 5408 = -23*b, -5*b + 20 = 0. What is the units digit of a?
8
Let c(p) = -p**3 + 13*p**2 - 22*p - 13. Let g be c(10). Let y = 64 - g. What is the tens digit of y/(8/12 + (-142)/204)?
0
Suppose 104655 = -17*p + 32*p. What is the hundreds digit of p?
9
Let a(p) = 3*p**3 + 31*p**2 - 162*p + 17. What is the hundreds digit of a(9)?
2
Suppose -3*g - 55 = -f, 4*g + 5*f + 46 + 59 = 0. Let h be 92/g + 5 + 18/5. Suppose 2*n + 3*z = 204, h*n + z - 508 = -90. What is the hundreds digit of n?
1
Suppose 3*z - y - 3*y = 32534, z - 4*y - 10842 = 0. What is the thousands digit of z?
0
What is the units digit of 8/6*13506/4?
2
Let m(n) = -38*n**3 - n**2 - 16*n - 66. What is the tens digit of m(-3)?
9
Let v = 300 + 1828. What is the units digit of v?
8
Let d(h) = -8*h**2 - 3*h - 8. Let r be d(-5). Let a = -127 - r. What is the units digit of 2/11 + 1044/a?
6
Let d = 477 - 132. Let u = d + 131. What is the units digit of u?
6
Suppose -24*p = -242819 - 223213. What is the thousands digit of p?
9
Suppose -5 = 5*z + r + 4*r, -4*z = 2*r + 4. Let t be z + 18/21 - 30/(-14). Suppose t*w + 7*u - 3*u - 400 = 0, 4*u = 2*w - 384. What is the tens digit of w?
9
Let z(m) = 15*m**3 + 6*m**2 - 3. Let x be z(4). Suppose 4264 = 4*y + 3*h, y - 8*h - x = -12*h. What is the hundreds digit of y?
0
Let c be (-4)/10 + (2 - 4915/25). Let q = 602 + c. What is the tens digit of q?
0
Let p(s) = -s**2 + 2*s - 1. Let d(u) = -7*u**2 - 6*u - 31. Let x(l) = d(l) - 6*p(l). What is the tens digit of x(-7)?
5
Let o(l) = -69*l + 180. Let y(s) = -23*s + 61. Let m(h) = -6*o(h) + 17*y(h). What is the units digit of m(4)?
9
Let t(s) = 203*s + 15. Let y(m) = -102*m - 7. Let f(c) = 4*t(c) + 9*y(c). Let r = 451 - 452. What is the tens digit of f(r)?
0
What is the tens digit of -5*(-8)/(520/38623)?
7
Let o(t) = -1328*t + 5175. What is the thousands digit of o(-12)?
1
Let g(k) = -3*k**2 + 8*k - 3. Let c be g(3). Let p be c/(-2) + -13 + (-2 - -2). Let a(r) = 3*r**2 + 20*r + 13. What is the hundreds digit of a(p)?
1
Suppose 30*f = -117 - 123. What is the tens digit of f/(-24) - (-2344)/6?
9
Suppose -13*v - 416 = -17*v. Let c(x) = -1 - v*x + 116*x + 3 + 7. What is the units digit of c(8)?
5
Suppose 2594706 = 56*h + 18*h + 104*h. What is the ten thousands digit of h?
1
Let u = 60062 + -32749. What is the hundreds digit of u?
3
What is the units digit of ((-4725)/450)/(6/(-47152))?
6
Suppose 20*f + 8322 = 26*f. Suppose 2*i - 2018 = 2*z - 616, 3*z = -2*i + f. What is the tens digit of i?
9
Let f be -5 + 1760/4 - 3. Suppose 2*u - f = 156. What is the tens digit of u?
9
Let t = -24681 - -42527. What is the ten thousands digit of t?
1
Suppose -17538*v = -17528*v - 580300. What is the hundreds digit of v?
0
Let y = 7921 + -3851. What is the thousands digit of y?
4
Suppose 0 = 13*q + 8 - 34. Suppose 0 = -q*f + 76 + 1004. What is the units digit of f?
0
Let m(g) = g**2 + 15*g - 5. Let t be m(6). Let c = t + 92. Let q = c + -87. What is the tens digit of q?
2
Suppose 4*i + 4540 = -5*n, 0 = -14*n + 18*n + i + 3643. What is the units digit of 21909/19